number?
True
Is 7136131 a prime number?
True
Is 778823 prime?
False
Is 285198377 a composite number?
False
Is 6105437 a prime number?
False
Is 991241 a composite number?
True
Is 1517627 composite?
False
Is 3411599 a prime number?
True
Is 15727 a composite number?
False
Is 14346723 a composite number?
True
Is 5169893 composite?
False
Is 351535955 a composite number?
True
Is 5325601 prime?
False
Is 4373207 prime?
True
Is 762804359 composite?
False
Is 26094889 composite?
True
Is 3738209 a composite number?
False
Is 23759239 prime?
False
Is 3613847 prime?
True
Is 2080577 a prime number?
True
Is 16289807 a prime number?
True
Is 57280807 composite?
False
Is 8785913 prime?
True
Is 499937 a prime number?
False
Is 23949379 composite?
True
Is 16480469 composite?
True
Is 138868417 composite?
True
Is 91663193 a composite number?
False
Is 91083893 a prime number?
False
Is 6490871 prime?
True
Is 3302909 a composite number?
True
Is 123471983 a prime number?
True
Is 900689 a prime number?
True
Is 1890211 composite?
False
Is 10579301 prime?
True
Is 99056423 a prime number?
False
Is 1025191 a composite number?
True
Is 121730923 prime?
True
Is 31940747 a composite number?
False
Is 195982789 prime?
True
Is 10541759 prime?
True
Is 55809433 prime?
True
Is 247256479 a composite number?
False
Is 889579 a prime number?
True
Is 15527767 a composite number?
True
Is 4979789 composite?
False
Is 3213437 composite?
True
Is 6884147 a composite number?
False
Is 5443051 composite?
False
Is 5039903 a composite number?
True
Is 14588933 a composite number?
True
Is 119713829 a composite number?
True
Is 3843583 composite?
True
Is 816211 composite?
True
Is 9798499 a prime number?
True
Is 865333 a composite number?
True
Is 33473399 prime?
False
Is 12469907 composite?
False
Is 249948019 a prime number?
False
Is 594964807 a composite number?
True
Is 1713043 prime?
True
Is 6326171 a composite number?
True
Is 3436789 a composite number?
True
Is 2945591 composite?
True
Is 2415079 prime?
True
Is 5505121 a composite number?
False
Is 1822729 a composite number?
True
Is 607573 a composite number?
False
Is 139019674 a composite number?
True
Is 38570639 a prime number?
True
Is 3513899 prime?
False
Is 14665769 a prime number?
True
Is 557239 a composite number?
True
Is 200219 composite?
True
Is 53500593 composite?
True
Is 3467029 prime?
False
Is 149855347 a prime number?
False
Is 64678399 a composite number?
True
Is 35630551 prime?
False
Is 13992629 a composite number?
True
Is 443090779 a prime number?
True
Is 35583701 prime?
True
Is 585797 a composite number?
True
Is 409177549 composite?
True
Is 599749 prime?
False
Is 5924939 composite?
False
Is 179313301 composite?
False
Is 379835753 a prime number?
False
Is 1485593 a prime number?
False
Is 79880287 a prime number?
True
Is 50881539 composite?
True
Is 73985369 prime?
False
Is 33161867 composite?
False
Is 167261 composite?
False
Is 3879101 composite?
False
Is 261391 a composite number?
True
Is 4642265 a prime number?
False
Is 35960291 a prime number?
True
Is 50751463 prime?
False
Is 252761483 composite?
True
Is 421783 a prime number?
True
Is 3447019 a composite number?
False
Is 14838497 a composite number?
True
Is 630493 composite?
False
Is 18440231 a composite number?
False
Is 2915351 prime?
True
Is 692751569 a prime number?
True
Is 1481071 a prime number?
True
Is 3782407 a composite number?
False
Is 2112217 a prime number?
True
Is 92260019 a prime number?
True
Is 65573 composite?
True
Is 534119 a composite number?
True
Is 24997627 composite?
False
Is 24840569 a prime number?
False
Is 1055867 a prime number?
True
Is 742823 a composite number?
True
Is 119777303 prime?
False
Is 567601403 a prime number?
True
Is 26729107 prime?
True
Is 1373321 a prime number?
True
Is 3005713 a composite number?
True
Is 44765081 a composite number?
True
Is 103174079 composite?
True
Is 500898179 a composite number?
True
Is 676243 a composite number?
True
Is 39808831 a prime number?
True
Is 1231567 composite?
True
Is 715199413 prime?
True
Is 1549019 composite?
True
Is 106173017 composite?
True
Is 818834851 a prime number?
True
Is 31349293 a prime number?
False
Is 73329107 composite?
False
Is 460351 a composite number?
True
Is 776327 a prime number?
True
Is 103120873 a prime number?
True
Is 273053863 prime?
True
Is 3089651 a composite number?
True
Is 9847121 prime?
False
Is 1494733 composite?
True
Is 13800571 composite?
True
Is 27231233 composite?
False
Is 7828307 a composite number?
True
Is 4271495 composite?
True
Is 1999139 a composite number?
True
Is 2709233 a composite number?
False
Is 21118109 a prime number?
False
Is 6196933 a composite number?
False
Is 141144121 a prime number?
False
Is 3229057 a composite number?
True
Is 1522427 composite?
False
Is 164698 a composite number?
True
Is 480929 a composite number?
False
Is 52398977 a prime number?
True
Is 31467061 prime?
False
Is 823478077 a prime number?
True
Is 4804697 a prime number?
True
Is 26391671 composite?
False
Is 121776451 composite?
False
Is 1848109 prime?
False
Is 13806967 a prime number?
False
Is 42925871 composite?
False
Is 455623 a composite number?
True
Is 10466539 prime?
False
Is 21685 a prime number?
False
Is 1721221 a prime number?
False
Is 100202363 a composite number?
False
Is 48816687 a prime number?
False
Is 93412043 a prime number?
False
Is 319113367 prime?
True
Is 12086317 a prime number?
True
Is 8382977 a prime number?
True
Is 139922219 prime?
True
Is 3072211 a prime number?
True
Is 245128453 prime?
False
Is 2297951 a composite number?
False
Is 105325655 a prime number?
False
Is 5961031 a prime number?
False
Is 216829 a prime number?
True
Is 401111 prime?
False
Is 87382777 a prime number?
True
Is 10060783 composite?
False
Is 2200997 a prime number?
True
Is 244220531 composite?
True
Is 5532433 prime?
True
Is 79607 composite?
True
Is 53219071 composite?
False
Is 316323211 a composite number?
True
Is 808444903 a composite number?
True
Is 597293 a prime number?
False
Is 16800891 a prime number?
False
Is 693701 prime?
True
Is 34754683 prime?
True
Is 100959577 a composite number?
False
Is 71757607 prime?
True
Is 91540649 a composite number?
False
Is 23505301 composite?
False
Is 2083553 a prime number?
True
Is 70617437 a composite number?
True
Is 418981 a prime number?
True
Is 250343 a composite number?
False
Is 2622007 a prime number?
False
Is 675299 prime?
True
Is 131442367 prime?
False
Is 106211 prime?
False
Is 386219 a composite number?
False
Is 4919227 prime?
False
Is 3529703 a composite number?
False
Is 1297717 prime?
False
Is 75287 composite?
True
Is 100407247 a prime number?
False
Is 231458639 a prime number?
True
Is 319247189 composite?
True
Is 11875603 prime?
True
Is 822473 a prime number?
False
Is 103096453 composite?
True
Is 233731 a prime number?
False
Is 2168009 composite?
False
Is 436547 composite?
False
Is 5534989 prime?
False
Is 1635583 a prime number?
True
Is 6998309 a composite number?
True
Is 146579 composite?
True
Is 10625611 composite?
False
Is 11166529 a prime number?
False
Is 22434977 composite?
False
Is 1081277 prime?
True
Is 1636246 a prime number?
False
Is 30282469 composite?
True
Is 40265761 prime?
False
Is 151871 composite?
False
Is 22400633 composite?
True
Is 9581633 prime?
True
Is 4859107 a composite number?
True
Is 1867839 a prime number?
False
Is 1547057 a composite number?
True
Is 27053377 composite?
True
Is 32220341 composite?
False
Is 30477511 prime?
True
Is 51504179 a composite number?
False
Is 1838807 composite?
False
Is 68134641 composite?
True
Is 10051298 prime?
False
Is 237361 a prime number?
True
Is 80378477 prime?
False
Is 64476211 prime?
False
Is 275021 composite?
True
Is 1296547 composite?
True
Is 66245629 prime?
True
Is 45446539 composite?
True
Is 988155607 composite?
True
Is 11715038 a composite number?
True
Is 23939249 prime?
True
Is 59992577 composite?
True
Is 20990721 prime?
False
Is 17775973 a prime number?
True
Is 5791213 prime?
False
Is 33808673 composite?
True
Is 2465279 composite?
False
Is 1760689 a composite number?
True
Is 62230409 prime?
True
Is 74760529 composite?
True
Is 4282103 a composite number?
True
Is 1782205 composite?
True
Is 32335249 prime?
False
Is 96091 composite?
True
Is 19675571 composite?
False
Is 175598081 prime?
True
I